{"id":545,"date":"2024-11-25T13:23:46","date_gmt":"2024-11-25T11:23:46","guid":{"rendered":"https:\/\/www3.servim-comunitatea.ro\/?page_id=545"},"modified":"2024-11-25T17:39:36","modified_gmt":"2024-11-25T15:39:36","slug":"e-dreptul-meu","status":"publish","type":"page","link":"https:\/\/www3.servim-comunitatea.ro\/index.php\/e-dreptul-meu\/","title":{"rendered":"E dreptul meu!"},"content":{"rendered":"\n<p class=\" eplus-wrapper\"><\/p>\n\n\n\n<div class=\"wp-block-getwid-section alignfull alignfull getwid-section-content-custom-width\"><div class=\"wp-block-getwid-section__wrapper getwid-padding-left-medium getwid-padding-right-medium\"><div class=\"wp-block-getwid-section__inner-wrapper\" style=\"max-width:740px\"><div class=\"wp-block-getwid-section__background-holder\"><div class=\"wp-block-getwid-section__background\"><\/div><div class=\"wp-block-getwid-section__foreground\"><\/div><\/div><div class=\"wp-block-getwid-section__content\"><div class=\"wp-block-getwid-section__inner-content\"><p class=\" eplus-wrapper eplus-styles-uid-794c04\"><strong>E dreptul meu, e locul meu!<\/strong><\/p>\n\n\n<div class=\"wp-block-getwid-images-slider has-arrows-inside has-dots-inside has-images-center has-fitted-images\"><div class=\"wp-block-getwid-images-slider__wrapper\" data-effect=\"slide\" data-slides-show=\"1\" data-slides-show-laptop=\"1\" data-slides-show-tablet=\"1\" data-slides-show-mobile=\"1\" data-slides-scroll=\"1\" data-autoplay=\"true\" data-pause-hover=\"false\" data-autoplay-speed=\"6000\" data-infinite=\"true\" data-animation-speed=\"800\" data-center-mode=\"false\" data-variable-width=\"false\" data-arrows=\"inside\" data-dots=\"inside\" data-spacing=\"none\"><div class=\"wp-block-getwid-images-slider__item\"><figure><img loading=\"lazy\" decoding=\"async\" width=\"622\" height=\"881\" src=\"https:\/\/www3.servim-comunitatea.ro\/wp-content\/uploads\/2024\/11\/ASC-Afis-A3.jpeg\" data-id=\"547\" class=\"wp-block-getwid-images-slider__image wp-image-547\" srcset=\"https:\/\/www3.servim-comunitatea.ro\/wp-content\/uploads\/2024\/11\/ASC-Afis-A3.jpeg 622w, https:\/\/www3.servim-comunitatea.ro\/wp-content\/uploads\/2024\/11\/ASC-Afis-A3-212x300.jpeg 212w\" sizes=\"auto, (max-width: 622px) 100vw, 622px\" \/><\/figure><\/div><div class=\"wp-block-getwid-images-slider__item\"><figure><img loading=\"lazy\" decoding=\"async\" width=\"768\" height=\"1024\" src=\"https:\/\/www3.servim-comunitatea.ro\/wp-content\/uploads\/2024\/11\/WhatsApp-Image-2023-11-23-at-12.27.55-10.jpeg\" data-id=\"546\" class=\"wp-block-getwid-images-slider__image wp-image-546\" srcset=\"https:\/\/www3.servim-comunitatea.ro\/wp-content\/uploads\/2024\/11\/WhatsApp-Image-2023-11-23-at-12.27.55-10.jpeg 768w, https:\/\/www3.servim-comunitatea.ro\/wp-content\/uploads\/2024\/11\/WhatsApp-Image-2023-11-23-at-12.27.55-10-225x300.jpeg 225w\" sizes=\"auto, (max-width: 768px) 100vw, 768px\" \/><\/figure><\/div><div class=\"wp-block-getwid-images-slider__item\"><figure><img loading=\"lazy\" decoding=\"async\" width=\"768\" height=\"1024\" src=\"https:\/\/www3.servim-comunitatea.ro\/wp-content\/uploads\/2024\/11\/WhatsApp-Image-2023-11-23-at-12.27.55-6-1.jpeg\" data-id=\"549\" class=\"wp-block-getwid-images-slider__image wp-image-549\" srcset=\"https:\/\/www3.servim-comunitatea.ro\/wp-content\/uploads\/2024\/11\/WhatsApp-Image-2023-11-23-at-12.27.55-6-1.jpeg 768w, https:\/\/www3.servim-comunitatea.ro\/wp-content\/uploads\/2024\/11\/WhatsApp-Image-2023-11-23-at-12.27.55-6-1-225x300.jpeg 225w\" sizes=\"auto, (max-width: 768px) 100vw, 768px\" \/><\/figure><\/div><div class=\"wp-block-getwid-images-slider__item\"><figure><img loading=\"lazy\" decoding=\"async\" width=\"1024\" height=\"768\" src=\"https:\/\/www3.servim-comunitatea.ro\/wp-content\/uploads\/2024\/11\/WhatsApp-Image-2023-11-23-at-12.27.56.jpeg\" data-id=\"548\" class=\"wp-block-getwid-images-slider__image wp-image-548\" srcset=\"https:\/\/www3.servim-comunitatea.ro\/wp-content\/uploads\/2024\/11\/WhatsApp-Image-2023-11-23-at-12.27.56.jpeg 1024w, https:\/\/www3.servim-comunitatea.ro\/wp-content\/uploads\/2024\/11\/WhatsApp-Image-2023-11-23-at-12.27.56-300x225.jpeg 300w, https:\/\/www3.servim-comunitatea.ro\/wp-content\/uploads\/2024\/11\/WhatsApp-Image-2023-11-23-at-12.27.56-768x576.jpeg 768w\" sizes=\"auto, (max-width: 1024px) 100vw, 1024px\" \/><\/figure><\/div><div class=\"wp-block-getwid-images-slider__item\"><figure><img loading=\"lazy\" decoding=\"async\" width=\"768\" height=\"1024\" src=\"https:\/\/www3.servim-comunitatea.ro\/wp-content\/uploads\/2024\/11\/WhatsApp-Image-2023-11-23-at-12.27.55-6-1.jpeg\" data-id=\"549\" class=\"wp-block-getwid-images-slider__image wp-image-549\" srcset=\"https:\/\/www3.servim-comunitatea.ro\/wp-content\/uploads\/2024\/11\/WhatsApp-Image-2023-11-23-at-12.27.55-6-1.jpeg 768w, https:\/\/www3.servim-comunitatea.ro\/wp-content\/uploads\/2024\/11\/WhatsApp-Image-2023-11-23-at-12.27.55-6-1-225x300.jpeg 225w\" sizes=\"auto, (max-width: 768px) 100vw, 768px\" \/><\/figure><\/div><\/div><\/div>\n\n\n<p class=\"has-text-color has-medium-font-size  has-arial-font-family has-custom-font eplus-wrapper eplus-styles-uid-24b8d8\" style=\"font-family:Arial;color:#000000\">Aceasta campanie am derulat-o in vara anului 2023 cu intentia de a \u00eencuraja publicul din\u00a0 judetul Gorj s\u0103 respecte un drept firesc al persoanelor cu dizabilit\u0103\u021bi. Persoanele cu dizabilit\u0103\u021bi nu \u00ee\u0219i doresc loc de parcare dedicat, \u00eens\u0103 au nevoie de el.<\/p>\n\n<p class=\"has-text-color has-medium-font-size  has-arial-font-family has-custom-font eplus-wrapper eplus-styles-uid-08936c\" style=\"font-family:Arial\">Proiectul a fost cofinantat din bugetul Judetului Gorj pentru anul 2024.<\/p>\n\n<p class=\"has-text-color has-medium-font-size  has-arial-font-family has-custom-font eplus-wrapper eplus-styles-uid-08936c\" style=\"font-family:Arial\">Acest lucru speram ca a determinat crearea unui drum c\u00e2t mai larg spre incluziune. Persoanele cu dizabilit\u0103\u021bi \u0219i apar\u021bin\u0103torii acestora s-au confruntat \u00een mod constant, \u0219i \u00eenc\u0103 se confrunt\u0103, cu problema ocup\u0103rii locurilor de parcare dedicate lor, din cadrul institu\u021biilor \u0219i parc\u0103rilor publice, centrelor comerciale sau magazinelor cu produse de uz larg, de c\u0103tre \u0219oferii f\u0103r\u0103 dizabilit\u0103\u021bi. Ace\u0219tia fie nu sunt informa\u021bi \u0219i nu \u00een\u021beleg nevoia eliber\u0103rii acestor locuri de parcare, fie nu au r\u0103bdare sau timp s\u0103 caute un alt loc de parcare. \u00cen perioada ianuarie 2012 \u2013 iulie 2021, au fost \u00eenregistrate peste 8.500 de autovehicule adaptate, la nivel na\u021bional. Aceast\u0103 cifr\u0103 demonstreaz\u0103 c\u0103 exist\u0103 \u0219oferi \u0219i pasageri cu dizabilit\u0103\u021bi, c\u0103 ace\u0219tia sunt activi \u0219i independen\u021bi \u0219i c\u0103 au nevoie ca acele locuri de parcare dedicate s\u0103 fie libere.<\/p>\n\n<p class=\"has-text-color has-medium-font-size  has-arial-font-family has-custom-font has-custom-weight eplus-wrapper eplus-styles-uid-08936c\" style=\"font-family:Arial;font-weight:500\">Proiectul a contribuit la promovarea, protejarea \u0219i asigurarea exercit\u0103rii depline \u0219i \u00een condi\u021bii de egalitate a drepturilor \u0219i libert\u0103\u021bilor fundamentale ale persoanelor cu dizabilit\u0103\u021bi si care este asigurat\u0103 la nivel na\u021bional prin aplicarea Legii nr. 221\/2010 pentru ratificarea conven\u021biei privind drepturile persoanelor cu dizabilit\u0103\u021bi, adoptat\u0103 la New York de Adunarea General\u0103 a Organiza\u021biei Na\u021biunilor Unite la 13 decembrie 2006,deschisa spre semnare la 30 martie 2007 si semnata de Rom\u00e2nia la 26 septembrie 2007 (,,Conven\u021bia privind drepturile persoanelor cu dizabilit\u0103\u021bi,,). Potrivit articolului 8 punctul 1, litera a ,, \u2026 cre\u015fterea gradului de con\u015ftientizare \u00een societate, inclusiv la nivelul familiei, \u00een leg\u0103tur\u0103 cu persoanele cu dizabilit\u0103\u0163i \u015fi pentru promovarea respect\u0103rii drepturilor \u015fi demnit\u0103\u0163ii acestora;\u00a0,, respectiv la \u00a0punctul 2, litera a din Conventie ini\u0163ierea \u015fi dezvoltarea de campanii publice eficiente de con\u015ftientizare destinate:\u00a0 s\u0103 \u00eencurajeze receptivitatea fa\u0163\u0103 de drepturile persoanelor cu dizabilit\u0103\u0163i; s\u0103 \u00eencurajeze percep\u0163iile pozitive \u015fi con\u015ftientizarea societ\u0103\u0163ii \u00eentr-un grad mai mare, cu privire la persoanele cu dizabilit\u0103\u0163i.,,. Articolul 9 punctul 1 din Conventie specifica faptul ca ,, Pentru a da persoanelor cu dizabilit\u0103\u0163i posibilitatea s\u0103 tr\u0103iasc\u0103 independent \u015fi s\u0103 participe pe deplin la toate aspectele vie\u0163ii, statele p\u0103r\u0163i vor lua m\u0103surile adecvate pentru a asigura acestor persoane accesul, \u00een condi\u0163ii de egalitate cu ceilal\u0163i, la mediul fizic, la transport&#8230;.,<\/p>\n\n\n<div class=\"wp-block-getwid-advanced-spacer\" style=\"height:20px\" aria-hidden=\"true\"><\/div>\n<\/div><\/div><\/div><\/div><\/div>\n","protected":false},"excerpt":{"rendered":"","protected":false},"author":1,"featured_media":0,"parent":0,"menu_order":0,"comment_status":"closed","ping_status":"closed","template":"","meta":{"editor_plus_copied_stylings":"{}","kk_blocks_editor_width":"","_kiokenblocks_attr":"","_kiokenblocks_dimensions":"","footnotes":""},"class_list":["post-545","page","type-page","status-publish","hentry"],"_links":{"self":[{"href":"https:\/\/www3.servim-comunitatea.ro\/index.php\/wp-json\/wp\/v2\/pages\/545","targetHints":{"allow":["GET"]}}],"collection":[{"href":"https:\/\/www3.servim-comunitatea.ro\/index.php\/wp-json\/wp\/v2\/pages"}],"about":[{"href":"https:\/\/www3.servim-comunitatea.ro\/index.php\/wp-json\/wp\/v2\/types\/page"}],"author":[{"embeddable":true,"href":"https:\/\/www3.servim-comunitatea.ro\/index.php\/wp-json\/wp\/v2\/users\/1"}],"replies":[{"embeddable":true,"href":"https:\/\/www3.servim-comunitatea.ro\/index.php\/wp-json\/wp\/v2\/comments?post=545"}],"version-history":[{"count":10,"href":"https:\/\/www3.servim-comunitatea.ro\/index.php\/wp-json\/wp\/v2\/pages\/545\/revisions"}],"predecessor-version":[{"id":587,"href":"https:\/\/www3.servim-comunitatea.ro\/index.php\/wp-json\/wp\/v2\/pages\/545\/revisions\/587"}],"wp:attachment":[{"href":"https:\/\/www3.servim-comunitatea.ro\/index.php\/wp-json\/wp\/v2\/media?parent=545"}],"curies":[{"name":"wp","href":"https:\/\/api.w.org\/{rel}","templated":true}]}}